{"id":18,"date":"2015-11-28T16:48:13","date_gmt":"2015-11-28T16:48:13","guid":{"rendered":"http:\/\/tauchsport-albinger.de\/?page_id=18"},"modified":"2015-11-28T16:48:13","modified_gmt":"2015-11-28T16:48:13","slug":"bodensee","status":"publish","type":"page","link":"https:\/\/divevision.albinger.de\/?page_id=18","title":{"rendered":"Bodensee"},"content":{"rendered":"<div id=\"c357\" class=\"csc-default\">\n<p>Das Tauchen im Bodensee gilt zugleich als attraktiv und anspruchsvoll. Der Bodensee, liegt geographisch auf 47\u00b038`N und 9\u00b022`E auf 395m \u00fcber NN. Seine maximale Tiefe ist 254m. Europas 3. gr\u00f6\u00dfter Binnensee bietet zugleich einige der besten Tauchspots. Die Sichtweiten betragen im Sommer 4-5m und im Winter etwa 12m. Er unterteilt sich grunds\u00e4tzlich in den Unter- (63km\u00b2) Ober und \u00dcberlingersee (473km\u00b2). Die meisten Tauchspots befinden sich im n\u00f6rdlichen Teil des Sees (\u00dcberlingersee), jedoch kann man auch interessante Einstiege im schweizerischen Raum finden (Roschach Parcour). Dort liegen 2 kl. Wracks auf 8+12m Tiefe. Die meisten Tauchspots sind in der Brosch\u00fcre &#8222;Wassersport und Naturschutz am Bodensee&#8220; mit Einstig Nr. 1 (Wallhausen) im Uhrzeigesinn bis Nr. 29 (Stein am Rhein) bezeichnet.<\/p>\n<p>Am Bodensee ist beim Tauchen die <a  data-e-Disable-Page-Transition=\"true\" class=\"download-link\" title=\"\" href=\"https:\/\/divevision.albinger.de?download=172&amp;tmstv=1777837682\" rel=\"nofollow\" id=\"download-link-172\" data-redirect=\"false\" >\n\tBodensee Schifffahrts Ordnung\t(2554 Downloads\t)\n<\/a>\n zu beachten. Das setzen einer Alpha Flagge (60x60cm) ist obligatorisch und wird auch von der Wapo kontrolliert. Da sich viele Taucheinstiege in der N\u00e4he der Fahrgastschiffe (100m Abstand einhalten) befinden, wurde das Tauchen dort durch die <a  data-e-Disable-Page-Transition=\"true\" class=\"download-link\" title=\"\" href=\"https:\/\/divevision.albinger.de?download=156&amp;tmstv=1777837682\" rel=\"nofollow\" id=\"download-link-156\" data-redirect=\"false\" >\n\tAllgemeinverf\u00fcgung FN\t(2442 Downloads\t)\n<\/a>\n und <a  data-e-Disable-Page-Transition=\"true\" class=\"download-link\" title=\"\" href=\"https:\/\/divevision.albinger.de?download=159&amp;tmstv=1777837682\" rel=\"nofollow\" id=\"download-link-159\" data-redirect=\"false\" >\n\tAllgemeinverf\u00fcgung KN\t(2361 Downloads\t)\n<\/a>\n geregelt. Str\u00f6mungstauchg\u00e4nge am Seerhein sind nur mit einem Begleitboot zul\u00e4ssig. Das Tauchen am <a href=\"https:\/\/divevision.albinger.de\/?page_id=34\">Teufelstisch<\/a> ist genehmigungspflichtig auf max. 40m Tiefe beschr\u00e4nkt und die Verwendung einer Buddyleine ist Pflicht.<\/p>\n<p>&nbsp;<\/p>\n<\/div>\n<div id=\"c356\" class=\"csc-default\">\n<h1>Ausr\u00fcstung<\/h1>\n<p>Geeigneter K\u00e4lteschutz, kaltwassertaugliche Automaten, 2 getrennte 1.+2. Stufen sowie Lampen sind obligatorisch.<\/p>\n<\/div>\n<div id=\"c355\" class=\"csc-default\">\n<h1>Tauchspots:<\/h1>\n<p><a class=\"external-link-new-window\" href=\"http:\/\/www.truesche.com\/tauchplaetze\/tauchplaetze.htm\" target=\"_blank\">1. Roschach Parcour<\/a><br \/>\n<a href=\"http:\/\/www.truesche.com\/tauchplaetze\/tauchplaetze.htm\" target=\"_blank\">2. Goldach Retli<\/a><br \/>\n<a href=\"http:\/\/www.truesche.com\/tauchplaetze\/tauchplaetze.htm\" target=\"_blank\">3. Bottighofen Wrack Jura<\/a><br \/>\n<a href=\"http:\/\/www.truesche.com\/tauchplaetze\/tauchplaetze.htm\" target=\"_blank\">4. Kreuzlingen Seeburg<\/a><br \/>\n<a href=\"http:\/\/www.truesche.com\/tauchplaetze\/tauchplaetze.htm\" target=\"_blank\">5. KN H\u00f6rnle<\/a><br \/>\n<a href=\"http:\/\/www.truesche.com\/tauchplaetze\/tauchplaetze.htm\" target=\"_blank\">6. KN Alte Rheinbr\u00fccke<\/a><br \/>\n<a href=\"http:\/\/www.truesche.com\/tauchplaetze\/tauchplaetze.htm\" target=\"_blank\">7. KN Neue Rheinbr\u00fccke<\/a><br \/>\n<a href=\"http:\/\/www.truesche.com\/tauchplaetze\/tauchplaetze.htm\" target=\"_blank\">8. Litzelstetten Strandbad<\/a><br \/>\n<a href=\"http:\/\/www.truesche.com\/tauchplaetze\/tauchplaetze.htm\" target=\"_blank\">9. Dingelsdorf Klausenhorn<\/a><br \/>\n<a href=\"http:\/\/www.truesche.com\/tauchplaetze\/tauchplaetze.htm\" target=\"_blank\">10. Wallhausen Strandbad<\/a><br \/>\n<a href=\"http:\/\/www.truesche.com\/tauchplaetze\/tauchplaetze.htm\" target=\"_blank\">11. Wallhausen Steilwand<\/a><br \/>\n<a href=\"http:\/\/www.truesche.com\/tauchplaetze\/tauchplaetze.htm\" target=\"_blank\">12. Teufelstisch (nur mit Genehmigung)<\/a><br \/>\n<a href=\"http:\/\/www.truesche.com\/tauchplaetze\/tauchplaetze.htm\" target=\"_blank\">13. Marienschlucht<\/a><br \/>\n<a href=\"http:\/\/www.truesche.com\/tauchplaetze\/tauchplaetze.htm\" target=\"_blank\">14. Katharinenschlucht<\/a><br \/>\n<a href=\"http:\/\/www.truesche.com\/tauchplaetze\/tauchplaetze.htm\" target=\"_blank\">15. Ludwigshafen Seeenden<\/a><br \/>\n<a href=\"http:\/\/www.truesche.com\/tauchplaetze\/tauchplaetze.htm\" target=\"_blank\">16. Ludwigshafen Ledine<\/a><br \/>\n<a href=\"http:\/\/www.truesche.com\/tauchplaetze\/tauchplaetze.htm\" target=\"_blank\">17. \u00dcberlingen Campingplatz<\/a><br \/>\n<a href=\"http:\/\/www.truesche.com\/tauchplaetze\/tauchplaetze.htm\" target=\"_blank\">18. \u00dcberlingen Baugraf<\/a><br \/>\n<a href=\"http:\/\/www.truesche.com\/tauchplaetze\/tauchplaetze.htm\" target=\"_blank\">19. \u00dcberlingen Post<\/a><br \/>\n<a class=\"external-link-new-window\" href=\"http:\/\/www.truesche.com\/tauchplaetze\/tauchplaetze.htm\" target=\"_blank\">20. Meersburg Pl\u00e4tzle<\/a><br \/>\nQuelle: <a href=\"http:\/\/www.truesche.com\/\" target=\"_blank\">Tauchen im Bodensee<\/a><\/p>\n<p><a href=\"https:\/\/divevision.albinger.de\/wp-content\/uploads\/2015\/11\/Bodensee-Karte.png\"><img loading=\"lazy\" decoding=\"async\" class=\"alignnone size-full wp-image-300\" src=\"https:\/\/divevision.albinger.de\/wp-content\/uploads\/2015\/11\/Bodensee-Karte.png\" alt=\"Bodensee-Karte\" width=\"290\" height=\"186\" \/><\/a><\/p>\n<\/div>\n","protected":false},"excerpt":{"rendered":"<p>Das Tauchen im Bodensee gilt zugleich als attraktiv und anspruchsvoll. Der Bodensee, liegt geographisch auf 47\u00b038`N und 9\u00b022`E auf 395m \u00fcber NN. Seine maximale Tiefe ist 254m. Europas 3. gr\u00f6\u00dfter Binnensee bietet zugleich einige der besten Tauchspots. Die Sichtweiten betragen <a class=\"more-link\" href=\"https:\/\/divevision.albinger.de\/?page_id=18\">Weiterlesen\u00a0\u2026<\/a><\/p>\n","protected":false},"author":1,"featured_media":0,"parent":10,"menu_order":0,"comment_status":"closed","ping_status":"closed","template":"","meta":{"footnotes":""},"class_list":["post-18","page","type-page","status-publish","hentry"],"_links":{"self":[{"href":"https:\/\/divevision.albinger.de\/index.php?rest_route=\/wp\/v2\/pages\/18","targetHints":{"allow":["GET"]}}],"collection":[{"href":"https:\/\/divevision.albinger.de\/index.php?rest_route=\/wp\/v2\/pages"}],"about":[{"href":"https:\/\/divevision.albinger.de\/index.php?rest_route=\/wp\/v2\/types\/page"}],"author":[{"embeddable":true,"href":"https:\/\/divevision.albinger.de\/index.php?rest_route=\/wp\/v2\/users\/1"}],"replies":[{"embeddable":true,"href":"https:\/\/divevision.albinger.de\/index.php?rest_route=%2Fwp%2Fv2%2Fcomments&post=18"}],"version-history":[{"count":0,"href":"https:\/\/divevision.albinger.de\/index.php?rest_route=\/wp\/v2\/pages\/18\/revisions"}],"up":[{"embeddable":true,"href":"https:\/\/divevision.albinger.de\/index.php?rest_route=\/wp\/v2\/pages\/10"}],"wp:attachment":[{"href":"https:\/\/divevision.albinger.de\/index.php?rest_route=%2Fwp%2Fv2%2Fmedia&parent=18"}],"curies":[{"name":"wp","href":"https:\/\/api.w.org\/{rel}","templated":true}]}}