{"id":20,"date":"2015-11-28T16:49:02","date_gmt":"2015-11-28T16:49:02","guid":{"rendered":"http:\/\/tauchsport-albinger.de\/?page_id=20"},"modified":"2015-11-28T16:49:02","modified_gmt":"2015-11-28T16:49:02","slug":"starnbergersee","status":"publish","type":"page","link":"https:\/\/divevision.albinger.de\/?page_id=20","title":{"rendered":"Starnbergersee"},"content":{"rendered":"<p>Der Starnberger See entstand w\u00e4hrend der letzten Eiszeit vor ca. 10.000-70.000 Jahren.<\/p>\n<p>Ein Ausl\u00e4ufer des Isar-Loisach-Gletscher rammte damals durch seine gewaltigen Eismassen einen Toteisbrocken in den Boden, wodurch das Zungenbecken geschaffen wurde. Das Abschmelzen des Gletschereises f\u00fcllte die entstandene Senke mit Wasser, was heute den Starnberger See bildet.<br \/>\nDer zweitgr\u00f6\u00dfte See Oberbayerns liegt auf einer H\u00f6he von 584m \u00fcber n.N. Geographisch ist er zwischen den St\u00e4dten Starnberg im Norden (48\u00b000\u00b4 n\u00f6rdl. Breite, 11\u00b021\u00b4 \u00f6stl. L\u00e4nge) und Seehaupt im S\u00fcden positioniert.<br \/>\nMit seiner maximalen L\u00e4nge und Breite von 21 auf 5km beherbergt er eine Fl\u00e4che von 56km\u00b2, mit einer maximalen Tiefe von 198m. Die mittlere Tiefe betr\u00e4gt 53m, damit ist er als Wasserspeicher der volumin\u00f6seste noch vor dem Chiemsee.<\/p>\n<p>In den 70er Jahren wurde eine geschlossene Ringkanalisation um den See angebracht, um das Einleiten von Abwasser in den See zu vermeiden. Dadurch bietet er eine verh\u00e4ltnism\u00e4\u00dfig gute Sicht von bis zu 10m. Im Winter zum Teil auch mehr. Das Wasser hat Trinkwasserqualit\u00e4t, die Sprungschicht beginnt meist in einer Tiefe von 7-12m.<\/p>\n<p><a href=\"https:\/\/divevision.albinger.de\/wp-content\/uploads\/2015\/11\/Starnbergersee-Karte.jpg\"><img loading=\"lazy\" decoding=\"async\" class=\"alignnone size-medium wp-image-331\" src=\"https:\/\/divevision.albinger.de\/wp-content\/uploads\/2015\/11\/Starnbergersee-Karte-184x300.jpg\" alt=\"Starnbergersee-Karte\" width=\"184\" height=\"300\" \/><\/a><\/p>\n<div id=\"c375\" class=\"csc-default\">\n<h2>Tauchbedingungen<\/h2>\n<p>Das Tauchen am Starnberger See ist durch die <a  data-e-Disable-Page-Transition=\"true\" class=\"download-link\" title=\"\" href=\"https:\/\/divevision.albinger.de?download=166&amp;tmstv=1778588300\" rel=\"nofollow\" id=\"download-link-166\" data-redirect=\"false\" >\n\tAllgemeinverf\u00fcgung STA\t(1654 Downloads\t)\n<\/a>\n und <a class=\"download\" href=\"http:\/\/www.tauchsport-albinger.de\/fileadmin\/user_upload\/Images\/Listen\/allgverfsta2008.pdf\"><a  data-e-Disable-Page-Transition=\"true\" class=\"download-link\" title=\"\" href=\"https:\/\/divevision.albinger.de?download=169&amp;tmstv=1778588301\" rel=\"nofollow\" id=\"download-link-169\" data-redirect=\"false\" >\n\tAllgemeinverf\u00fcgung STA Erg\u00e4nzung\t(2404 Downloads\t)\n<\/a>\n <\/a>erweitert wurde geregelt.<\/p>\n<p>Das Sporttauchen mit Atemger\u00e4t ist im Starnberger See unter folgenden Auflagen und Bedingungen erlaubt:<\/p>\n<ol>\n<li>Das Tauchen im Bereich des Hafens der Staatlichen Seenschifffahrt, der Schifffahrtslinien, Landungsstege, Bojenfelder und des Wasserskigebietes ist verboten. Es ist ein Sicherheitsabstand von mindestens 100 Metern einzuhalten. Das Tauchen ist ebenfalls an privaten Steganlagen sowie Boots- und Badeh\u00fctten untersagt.<\/li>\n<li>Im Bereich von Laichschonst\u00e4tten von Fischen (z. B. an Bacheinl\u00e4ufen), im Bereich von der Fischerei dienenden Ger\u00e4ten (z. B. Netze und Reusen sowie deren Anger und Markierungen), im Bereich von Fischunterst\u00e4nden (sog. Beizen) sowie im Umkreis von 100 m von Netzgehegen zur Jungfischzucht ist das Tauchen verboten.<\/li>\n<li>Werden bei einem Tauchgang der Fischerei dienende Ger\u00e4te aufgefunden, d\u00fcrfen diese nicht ber\u00fchrt werden.<\/li>\n<li>Im Bereich der in der Karte dargestellten Schutzzonen ist das Tauchen ganzj\u00e4hrig verboten.<\/li>\n<li>F\u00fcr die Schutzzone im Bereich Landkreisgrenze Starnberg\/Bad T\u00f6lz-Wolfratshausen und der Ortsteil Ammerland gilt f\u00fcr die Zeit vom 1. November bis 15. M\u00e4rz ein befristetes Tauchverbot zum Schutz der Brutpl\u00e4tze der Seesaiblinge.<\/li>\n<li>Im Bereich der in der Karte dargestellten Schonzeiten 1, 2, 3 (Winterrast f\u00fcr Wasserv\u00f6gel) sind Tauchg\u00e4nge in der Zeit vom 1. September bis 31. M\u00e4rz nur direkt vom Ufer aus gestattet.<\/li>\n<li>Das Tauchen ist so durchzuf\u00fchren, dass niemand bel\u00e4stigt wird. Auf Badende ist R\u00fccksicht zu nehmen. Das Auftauchen hat in geb\u00fchrendem Abstand zu erfolgen. Fische d\u00fcrfen nicht gezielt gest\u00f6rt werden (etwa zum Fotografieren), ihre St\u00f6rung im Winterlager ist zu vermeiden.<\/li>\n<li>Das Tauchen ist bis eine Stunde nach Sonnenuntergang erlaubt.<\/li>\n<li>Die Tauchg\u00e4nge sind so durchzuf\u00fchren, dass jegliche Gew\u00e4sserverunreinigung ausgeschlossen werden kann.<\/li>\n<li>Die Ufer sowie die Ufervegetation d\u00fcrfen nicht besch\u00e4digt oder beeintr\u00e4chtigt werden.<\/li>\n<li>Die Besch\u00e4digung oder Entnahme von submerser Vegetation oder von Schwimmblattpflanzen ist nicht zul\u00e4ssig.<\/li>\n<li>Nach Beendigung des Tauchganges d\u00fcrfen keine Ausr\u00fcstungsgegenst\u00e4nde oder sonstige Stoffe im See oder an den Ufern verbleiben.<\/li>\n<li>Das Auff\u00fcllen von Atemluftflaschen im Freien ist verboten.<\/li>\n<li>Grabungen und Erdbewegungen aller Art d\u00fcrfen nicht durchgef\u00fchrt werden.<\/li>\n<li>Der Fund von Bodendenkm\u00e4lern (z. B. Einb\u00e4ume, Reste vorgeschichtlicher ?Pfahlbausiedlungen?, Ger\u00e4te aus Stein, Knochen, Holz, Ton und Metall, M\u00fcnzen, Gef\u00e4\u00dfe, Werkzeuge oder dergleichen) ist unverz\u00fcglich dem Bayerischen Landesamt f\u00fcr Denkmalpflege anzuzeigen. Die aufgefundenen Gegenst\u00e4nde und der Fundort sind unver\u00e4ndert zu belassen, bis das Landesamt f\u00fcr Denkmalpflege eine Bergung der Gegenst\u00e4nde gestattet.<\/li>\n<li>Die nach der Feigabe durch das Landesamt f\u00fcr Denkmalpflege geborgenen Gegenst\u00e4nde sind diesem unverz\u00fcglich zur Aufbewahrung zu \u00fcbergeben.<\/li>\n<li>Der Erlaubnisinhaber ist verpflichtet, dem Freistaat Bayern auf dessen Verlangen das Alleineigentum an den gefundenen bzw. geborgenen Gegenst\u00e4nden unentgeltlich zu \u00fcberlassen oder zu verschaffen.<\/li>\n<li>Die Ge- und Verbote anderer Verordnungen sind unbeschadet der Bestimmungen der Allgemeinverf\u00fcgung zu beachten.?<\/li>\n<li>Tauchg\u00e4nge im Alleingang sind verboten.?<\/li>\n<li>F\u00fcr alle Tauchg\u00e4nge ist eine komplette kaltwassertaugliche Ausr\u00fcstung (insb. Zwei getrennt absperrbare kaltwassertaugliche (EN 250)\/ kaltwasserzugelassene Atemregler) zu verwenden. Bis zu einer Tauchtiefe von max. 20 Metern kann hiervon abweichend auch ein sogenanntes ?Oktopussystem? verwendet werden. Jeder Taucher muss mit K\u00e4lteschutz und Kopfhaube ausger\u00fcstet sein. Die Verwendung eines eigenen Tauchcomputer wird empfohlen.<\/li>\n<li>Das Tauchen mit Pressluftger\u00e4ten ist nur bis zu einer Wasseriefe von 40,00 Metern erlaubt.<\/li>\n<li>Technische Taucher (z.B. Trimixtaucher) d\u00fcrfen Tauchg\u00e4nge unternehmen, sofern Sie\u00fcber eine g\u00fcltige Lizenz verf\u00fcgen, die von einer international anerkannten und nachgeltenden Standards ausbildenden Organisation ausgestellt wurde. Sie m\u00fcssen \u00fcber eine, f\u00fcr einen solchen Taucheinsatz geeignete, Tauchausr\u00fcstung verf\u00fcgen. Die Beherrschung der Ausr\u00fcstung sowie der Rettungs-\/ Sicherheitsskills werden vorausgesetzt.<\/li>\n<li>Bei der Anf\u00e4ngertauchausbildung ist der Grundsatz eines 1:1 ? Verh\u00e4ltnisses zwischen Tauchausbilder und Tauchsch\u00fcler, bei der fortgeschrittenen Tauchausbildung ist der Grundsatz eines 1:2 ? Verh\u00e4ltnisses zwischen Tauchausbilder und Tauchsch\u00fcler einzuhalten.<\/li>\n<\/ol>\n<\/div>\n<div id=\"c374\" class=\"csc-default\">\n<h2>Notfall-Informationen<\/h2>\n<p>F\u00fcr den Starnberger See<\/p>\n<p>Notruf: 112<br \/>\nPolizei: 110<br \/>\nRettungsleitstelle: 08151-19222<br \/>\nWasserwacht M\u00fcnsingen: 08177-717<br \/>\nDruckkammern mit gesicherter 24-Stunden-Bereitschaft<br \/>\n<strong>Feuerwache 5<\/strong><br \/>\nAnzinger Strasse 41<br \/>\n81671 M\u00fcnchen (Ramersdorf) Notruf: Tel.: 089 &#8211; 40 66 55<br \/>\n<strong>Unfallklinik Murnau<\/strong><br \/>\nProf.-K\u00fcntscher-Stra\u00dfe 8<br \/>\n82418 Murnau Notruf: Tel.: 0 88 41 &#8211; 48 26 86<br \/>\nBei einem Notruf immer folgende Punkte beachten:<br \/>\n<strong>WAS<\/strong> ist passiert<br \/>\n<strong>WIEVIEL<\/strong> Verletzte<br \/>\n<strong>WELCHE Art<\/strong> von Verletztungen<br \/>\n<strong>WO<\/strong> ist es passiert<br \/>\n<strong>WANN<\/strong> ist es passiert<br \/>\n<strong>WARTEN<\/strong> auf R\u00fcckfragen<br \/>\nDie Rettungsleitstelle beendet das Telefongespr\u00e4ch.<\/p>\n<\/div>\n","protected":false},"excerpt":{"rendered":"<p>Der Starnberger See entstand w\u00e4hrend der letzten Eiszeit vor ca. 10.000-70.000 Jahren. Ein Ausl\u00e4ufer des Isar-Loisach-Gletscher rammte damals durch seine gewaltigen Eismassen einen Toteisbrocken in den Boden, wodurch das Zungenbecken geschaffen wurde. Das Abschmelzen des Gletschereises f\u00fcllte die entstandene Senke <a class=\"more-link\" href=\"https:\/\/divevision.albinger.de\/?page_id=20\">Weiterlesen\u00a0\u2026<\/a><\/p>\n","protected":false},"author":1,"featured_media":0,"parent":10,"menu_order":0,"comment_status":"closed","ping_status":"closed","template":"","meta":{"footnotes":""},"class_list":["post-20","page","type-page","status-publish","hentry"],"_links":{"self":[{"href":"https:\/\/divevision.albinger.de\/index.php?rest_route=\/wp\/v2\/pages\/20","targetHints":{"allow":["GET"]}}],"collection":[{"href":"https:\/\/divevision.albinger.de\/index.php?rest_route=\/wp\/v2\/pages"}],"about":[{"href":"https:\/\/divevision.albinger.de\/index.php?rest_route=\/wp\/v2\/types\/page"}],"author":[{"embeddable":true,"href":"https:\/\/divevision.albinger.de\/index.php?rest_route=\/wp\/v2\/users\/1"}],"replies":[{"embeddable":true,"href":"https:\/\/divevision.albinger.de\/index.php?rest_route=%2Fwp%2Fv2%2Fcomments&post=20"}],"version-history":[{"count":0,"href":"https:\/\/divevision.albinger.de\/index.php?rest_route=\/wp\/v2\/pages\/20\/revisions"}],"up":[{"embeddable":true,"href":"https:\/\/divevision.albinger.de\/index.php?rest_route=\/wp\/v2\/pages\/10"}],"wp:attachment":[{"href":"https:\/\/divevision.albinger.de\/index.php?rest_route=%2Fwp%2Fv2%2Fmedia&parent=20"}],"curies":[{"name":"wp","href":"https:\/\/api.w.org\/{rel}","templated":true}]}}