{"id":26,"date":"2015-11-28T16:51:47","date_gmt":"2015-11-28T16:51:47","guid":{"rendered":"http:\/\/tauchsport-albinger.de\/?page_id=26"},"modified":"2015-11-28T16:51:47","modified_gmt":"2015-11-28T16:51:47","slug":"plansee-tirol","status":"publish","type":"page","link":"https:\/\/divevision.albinger.de\/?page_id=26","title":{"rendered":"Plansee \/ Tirol"},"content":{"rendered":"<p>Der Plansee ist ein Bergsee auf 976m \u00fcber n.N. und ist mit dem Heiterwangersee durch einen Kanal verbunden. Er besitzt zwei Becken mit 78 und 72 m Tiefe auf einer Fl\u00e4che von insgesamt 5 km\u00b2. Neben dem Verbindungskanal gibt es noch zwei weitere Zufl\u00fcsse und einen Ausrinne im Nord-Westen. Wie der Heiterwangersee wird auch der Plansee vom Elektrizit\u00e4tswerk Reutte als Speicher genutzt und im Winterhalbjahr abgesenkt.<\/p>\n<p>An den Plansee gelangt man, von Deutschland kommend \u00fcber die B314. An Reute Tirol vorbei und am Ende der Neubaustrecke abfahren. Von dort ca. 5km auf der L 255 Richtung Osten. Am See angekommen, nochmals den See entlang, bis man rechts auf das Hotel Forelle gelangt. Hier sind Tauchgenehmigungen f\u00fcr 9,50? erh\u00e4ltlich. F\u00fcr die Liegewiese und den Autoparklatz muss man nochmals extra bezahlen. Am Campingplatz gibt es eine Tauchbasis, in der man seine Flaschen f\u00fcllen lassen und auch sonst alle notwendigen Informationen bez\u00fcglich des Tauchgew\u00e4ssers erhalten kann.<\/p>\n<p>Die Tauchsaison ist von Anfang Mai bis Ende Oktober. Durch die N\u00e4hrstoffarmut des Wassers k\u00f6nnen Sichtweiten bis 25m herrschen. Das Ufer ist ges\u00e4umt von imposanten Bergen. Die Wassertemperatur betr\u00e4gt im Sommer bis 6m tiefe 18C\u00b0. Danach f\u00e4llt sie stark ab. Im See leben viele Regenbogenforellen, Grundeln, Fluschbarsche und unz\u00e4hlige Krebse. Letztere kann man meistens bei Nachttauchg\u00e4ngen entdecken.<\/p>\n<p><a href=\"https:\/\/divevision.albinger.de\/wp-content\/uploads\/2015\/11\/Plansee-Anfahrt.gif\"><img loading=\"lazy\" decoding=\"async\" class=\"alignnone wp-image-320\" src=\"https:\/\/divevision.albinger.de\/wp-content\/uploads\/2015\/11\/Plansee-Anfahrt-300x134.gif\" alt=\"Plansee-Anfahrt\" width=\"580\" height=\"259\" \/><\/a><\/p>\n<p><a href=\"https:\/\/divevision.albinger.de\/wp-content\/uploads\/2015\/11\/Plansee-2.jpg\"><img loading=\"lazy\" decoding=\"async\" class=\"alignnone size-medium wp-image-322\" src=\"https:\/\/divevision.albinger.de\/wp-content\/uploads\/2015\/11\/Plansee-2-300x200.jpg\" alt=\"Plansee-2\" width=\"300\" height=\"200\" \/><\/a><a href=\"https:\/\/divevision.albinger.de\/wp-content\/uploads\/2015\/11\/Plansee-3.jpg\"><img loading=\"lazy\" decoding=\"async\" class=\"alignnone size-medium wp-image-323\" src=\"https:\/\/divevision.albinger.de\/wp-content\/uploads\/2015\/11\/Plansee-3-300x200.jpg\" alt=\"Plansee-3\" width=\"300\" height=\"200\" \/><\/a><a href=\"https:\/\/divevision.albinger.de\/wp-content\/uploads\/2015\/11\/Plansee-1.jpg\"><img loading=\"lazy\" decoding=\"async\" class=\"alignnone size-medium wp-image-329\" src=\"https:\/\/divevision.albinger.de\/wp-content\/uploads\/2015\/11\/Plansee-1-300x200.jpg\" alt=\"Plansee-1\" width=\"300\" height=\"200\" \/><\/a><a href=\"https:\/\/divevision.albinger.de\/wp-content\/uploads\/2015\/11\/Plansee-4.jpg\"><img loading=\"lazy\" decoding=\"async\" class=\"alignnone size-full wp-image-324\" src=\"https:\/\/divevision.albinger.de\/wp-content\/uploads\/2015\/11\/Plansee-4.jpg\" alt=\"Plansee-4\" width=\"295\" height=\"222\" \/><\/a><a href=\"https:\/\/divevision.albinger.de\/wp-content\/uploads\/2015\/11\/Plansee-5.jpg\"><img loading=\"lazy\" decoding=\"async\" class=\"alignnone size-full wp-image-325\" src=\"https:\/\/divevision.albinger.de\/wp-content\/uploads\/2015\/11\/Plansee-5.jpg\" alt=\"Plansee-5\" width=\"295\" height=\"222\" \/><\/a><a href=\"https:\/\/divevision.albinger.de\/wp-content\/uploads\/2015\/11\/Plansee-6.jpg\"><img loading=\"lazy\" decoding=\"async\" class=\"alignnone size-full wp-image-326\" src=\"https:\/\/divevision.albinger.de\/wp-content\/uploads\/2015\/11\/Plansee-6.jpg\" alt=\"Plansee-6\" width=\"295\" height=\"209\" \/><\/a><a href=\"https:\/\/divevision.albinger.de\/wp-content\/uploads\/2015\/11\/Plansee-7.jpg\"><img loading=\"lazy\" decoding=\"async\" class=\"alignnone size-full wp-image-327\" src=\"https:\/\/divevision.albinger.de\/wp-content\/uploads\/2015\/11\/Plansee-7.jpg\" alt=\"Plansee-7\" width=\"295\" height=\"222\" \/><\/a><a href=\"https:\/\/divevision.albinger.de\/wp-content\/uploads\/2015\/11\/Plansee-8.jpg\"><img loading=\"lazy\" decoding=\"async\" class=\"alignnone size-full wp-image-328\" src=\"https:\/\/divevision.albinger.de\/wp-content\/uploads\/2015\/11\/Plansee-8.jpg\" alt=\"Plansee-8\" width=\"295\" height=\"222\" \/><\/a><\/p>\n","protected":false},"excerpt":{"rendered":"<p>Der Plansee ist ein Bergsee auf 976m \u00fcber n.N. und ist mit dem Heiterwangersee durch einen Kanal verbunden. Er besitzt zwei Becken mit 78 und 72 m Tiefe auf einer Fl\u00e4che von insgesamt 5 km\u00b2. Neben dem Verbindungskanal gibt es <a class=\"more-link\" href=\"https:\/\/divevision.albinger.de\/?page_id=26\">Weiterlesen\u00a0\u2026<\/a><\/p>\n","protected":false},"author":1,"featured_media":0,"parent":10,"menu_order":0,"comment_status":"closed","ping_status":"closed","template":"","meta":{"footnotes":""},"class_list":["post-26","page","type-page","status-publish","hentry"],"_links":{"self":[{"href":"https:\/\/divevision.albinger.de\/index.php?rest_route=\/wp\/v2\/pages\/26","targetHints":{"allow":["GET"]}}],"collection":[{"href":"https:\/\/divevision.albinger.de\/index.php?rest_route=\/wp\/v2\/pages"}],"about":[{"href":"https:\/\/divevision.albinger.de\/index.php?rest_route=\/wp\/v2\/types\/page"}],"author":[{"embeddable":true,"href":"https:\/\/divevision.albinger.de\/index.php?rest_route=\/wp\/v2\/users\/1"}],"replies":[{"embeddable":true,"href":"https:\/\/divevision.albinger.de\/index.php?rest_route=%2Fwp%2Fv2%2Fcomments&post=26"}],"version-history":[{"count":0,"href":"https:\/\/divevision.albinger.de\/index.php?rest_route=\/wp\/v2\/pages\/26\/revisions"}],"up":[{"embeddable":true,"href":"https:\/\/divevision.albinger.de\/index.php?rest_route=\/wp\/v2\/pages\/10"}],"wp:attachment":[{"href":"https:\/\/divevision.albinger.de\/index.php?rest_route=%2Fwp%2Fv2%2Fmedia&parent=26"}],"curies":[{"name":"wp","href":"https:\/\/api.w.org\/{rel}","templated":true}]}}