{"id":40,"date":"2015-11-28T16:59:52","date_gmt":"2015-11-28T16:59:52","guid":{"rendered":"http:\/\/tauchsport-albinger.de\/?page_id=40"},"modified":"2017-10-17T17:49:17","modified_gmt":"2017-10-17T15:49:17","slug":"versicherung","status":"publish","type":"page","link":"https:\/\/divevision.albinger.de\/?page_id=40","title":{"rendered":"Versicherung"},"content":{"rendered":"<p>An alle Taucherinnen und Taucher!<\/p>\n<p>Wichtige Information!<\/p>\n<p>Taucher haben ein Problem welches sie dringend l\u00f6sen sollten, denn viele Krankenkassen zahlen keine Druckkammerbehandlungen mehr! Das hei\u00dft, dass Taucher im Notfall die oft horrenden Kosten einer solchen Therapie selbst tragen m\u00fcssen!<br \/>\nHier ist es wichtig, dass sich jeder f\u00fcr diesen Fall selber absichert, wobei es prim\u00e4r egal ist, ob Ihr dies \u00fcber Organisationen wie DAN oder \u00fcber Aqua Med macht. Nat\u00fcrlich w\u00fcrden ich mich freuen, wenn Ihr Euch f\u00fcr aqua med entscheidet und ich haben gute Argumente, vergleicht selbst:<\/p>\n<p>Die dive card ist eine komplette Tauchunfallversicherung.<br \/>\nEs werden Druckkammerkosten weltweit, also nat\u00fcrlich auch in Deutschland getragen.<\/p>\n<p>Ihr erhaltet eine wasserfeste, signalrote Karte, die Ihr durch eine vorgefertigte Lochstanzung an Eurem Tauchequipment anbringen k\u00f6nnt. So ist die dive card mit der zentralen Notrufnummer im Notfall f\u00fcr jeden sofort erkennbar. (Denn was nutzt eine Notfallkarte in der Brieftasche?!)<\/p>\n<p>Die dive card ist eine vollwertige Auslandsreisekrankenversicherung, gilt also z.B. auch f\u00fcr den Skiurlaub in der Schweiz (Ihr ben\u00f6tigt also keine extra Auslandsreisekrankenversicherung).<\/p>\n<p>Mit der dive card habt Ihr Zugriff auf unseren durchgehend \u00e4rztlich und tauchmedizinisch besetzten Notruf, dessen \u00c4rzte \u00fcber langj\u00e4hrige Erfahrung im Notfallmanagement verf\u00fcgen.<\/p>\n<p>Aqua med verf\u00fcgt \u00fcber eine Logistik, die vom Transport \u00fcber das Krankenhaus bis hin zur Druckkammertherapie alles organisiert und koordiniert.<\/p>\n<p>Beim Notrufdienst habt Ihr sofort den diensthabenden Notarzt am Telefon<\/p>\n<p>(es ist also kein Callcenter). Die \u00c4rzte helfen weltweit und rund um die Uhr.<\/p>\n<p>Ihr verf\u00fcgt damit \u00fcber einen Service, der bisher nur f\u00fcr Profitaucher von Unternehmen zu haben war und erst seit Anfang 2002 auch f\u00fcr Sporttaucher angeboten wird.<br \/>\nDas alles kostet nur 49,-\u20ac im Jahr !<\/p>\n<p>Familienangeh\u00f6rige, die nicht tauchen, k\u00f6nnen den Auslandskrankenschutz und weltweiten Notrufdienst als Zusatzkarte f\u00fcr 29.-\u20ac im Jahr erhalten (ohne Tauchunfallversicherung).<\/p>\n<p>Falls Ihr Tauchlehrer seid, ist zudem die wichtige Tauchlehrerhaftpflichtversicherung (von PADI Europe anerkannt) mit enthalten und Ihr k\u00f6nnt Eure medizinischen Daten hinterlegen, damit diese im Notfall sofort weltweit abrufbar sind (dive card professional f\u00fcr 149,-\u20ac).<\/p>\n<p>Bitte vergleicht selbst und schaut auf die aqua med Homepage (<a href=\"https:\/\/www.aqua-med.eu\/\" target=\"_blank\" rel=\"noopener\">www.aqua-med.eu<\/a>).<\/p>\n<p>Aber denkt in jedem Fall daran: Ihr solltet Euch unbedingt absichern!<br \/>\nIhr k\u00f6nnt Euch jederzeit anmelden, indem Ihr ein <a  data-e-Disable-Page-Transition=\"true\" class=\"download-link\" title=\"\" href=\"https:\/\/divevision.albinger.de?download=196&amp;tmstv=1777799612\" rel=\"nofollow\" id=\"download-link-196\" data-redirect=\"false\" >\n\tAqua Med Versicherungsantrag\t(2327 Downloads\t)\n<\/a>\n ausf\u00fcllt oder einfach gleich hier online beantragt.<\/p>\n<p><a title=\"Aqua Med Online-Antrag\" href=\"https:\/\/customer.aqua-med.eu\/customers\/contacts\/registerform\/?VP=TS08022901&amp;\" target=\"_blank\" rel=\"noopener\">Aqua Med Online-Antrag<\/a><br \/>\n<a  data-e-Disable-Page-Transition=\"true\" class=\"download-link\" title=\"\" href=\"https:\/\/divevision.albinger.de?download=243&amp;tmstv=1777799613\" rel=\"nofollow\" id=\"download-link-243\" data-redirect=\"false\" >\n\tAqua Med Lesitung im \u00dcberblick\t(1543 Downloads\t)\n<\/a>\n<br \/>\n<a  data-e-Disable-Page-Transition=\"true\" class=\"download-link\" title=\"\" href=\"https:\/\/divevision.albinger.de?download=246&amp;tmstv=1777799613\" rel=\"nofollow\" id=\"download-link-246\" data-redirect=\"false\" >\n\tFAQ Allgemein\t(1613 Downloads\t)\n<\/a>\n<br \/>\n<a  data-e-Disable-Page-Transition=\"true\" class=\"download-link\" title=\"\" href=\"https:\/\/divevision.albinger.de?download=249&amp;tmstv=1777799613\" rel=\"nofollow\" id=\"download-link-249\" data-redirect=\"false\" >\n\tFAQ Medizin\t(1583 Downloads\t)\n<\/a>\n<br \/>\n<a  data-e-Disable-Page-Transition=\"true\" class=\"download-link\" title=\"\" href=\"https:\/\/divevision.albinger.de?download=252&amp;tmstv=1777799613\" rel=\"nofollow\" id=\"download-link-252\" data-redirect=\"false\" >\n\tFAQ Taucharten\t(1132 Downloads\t)\n<\/a>\n<br \/>\n<a  data-e-Disable-Page-Transition=\"true\" class=\"download-link\" title=\"\" href=\"https:\/\/divevision.albinger.de?download=255&amp;tmstv=1777799613\" rel=\"nofollow\" id=\"download-link-255\" data-redirect=\"false\" >\n\tFAQ Versicherungsschutz\t(1558 Downloads\t)\n<\/a>\n<\/p>\n<p><a href=\"https:\/\/divevision.albinger.de\/wp-content\/uploads\/2015\/11\/aquamed-Logo.jpg\"><img loading=\"lazy\" decoding=\"async\" class=\"alignnone wp-image-295\" src=\"https:\/\/divevision.albinger.de\/wp-content\/uploads\/2015\/11\/aquamed-Logo.jpg\" alt=\"aquamed-Logo\" width=\"262\" height=\"68\" \/><\/a><\/p>\n","protected":false},"excerpt":{"rendered":"<p>An alle Taucherinnen und Taucher! Wichtige Information! Taucher haben ein Problem welches sie dringend l\u00f6sen sollten, denn viele Krankenkassen zahlen keine Druckkammerbehandlungen mehr! Das hei\u00dft, dass Taucher im Notfall die oft horrenden Kosten einer solchen Therapie selbst tragen m\u00fcssen! Hier <a class=\"more-link\" href=\"https:\/\/divevision.albinger.de\/?page_id=40\">Weiterlesen\u00a0\u2026<\/a><\/p>\n","protected":false},"author":1,"featured_media":0,"parent":0,"menu_order":0,"comment_status":"closed","ping_status":"closed","template":"","meta":{"footnotes":""},"class_list":["post-40","page","type-page","status-publish","hentry"],"_links":{"self":[{"href":"https:\/\/divevision.albinger.de\/index.php?rest_route=\/wp\/v2\/pages\/40","targetHints":{"allow":["GET"]}}],"collection":[{"href":"https:\/\/divevision.albinger.de\/index.php?rest_route=\/wp\/v2\/pages"}],"about":[{"href":"https:\/\/divevision.albinger.de\/index.php?rest_route=\/wp\/v2\/types\/page"}],"author":[{"embeddable":true,"href":"https:\/\/divevision.albinger.de\/index.php?rest_route=\/wp\/v2\/users\/1"}],"replies":[{"embeddable":true,"href":"https:\/\/divevision.albinger.de\/index.php?rest_route=%2Fwp%2Fv2%2Fcomments&post=40"}],"version-history":[{"count":4,"href":"https:\/\/divevision.albinger.de\/index.php?rest_route=\/wp\/v2\/pages\/40\/revisions"}],"predecessor-version":[{"id":603,"href":"https:\/\/divevision.albinger.de\/index.php?rest_route=\/wp\/v2\/pages\/40\/revisions\/603"}],"wp:attachment":[{"href":"https:\/\/divevision.albinger.de\/index.php?rest_route=%2Fwp%2Fv2%2Fmedia&parent=40"}],"curies":[{"name":"wp","href":"https:\/\/api.w.org\/{rel}","templated":true}]}}