{"id":46,"date":"2015-11-28T17:04:06","date_gmt":"2015-11-28T17:04:06","guid":{"rendered":"http:\/\/tauchsport-albinger.de\/?page_id=46"},"modified":"2015-11-28T17:04:06","modified_gmt":"2015-11-28T17:04:06","slug":"cmas-3","status":"publish","type":"page","link":"https:\/\/divevision.albinger.de\/?page_id=46","title":{"rendered":"CMAS***"},"content":{"rendered":"<p><b>Das Sprungbrett zum Tauchlehrer.<\/b><\/p>\n<p>Als CMAS *** \/ IaC Dive Leader hast Du die Berechtigung mit Anf\u00e4ngern zu tauchen. Dadurch \u00fcbernimmst du ein hohes Ma\u00df an Verantwortung und bist Bindeglied zwischen Tauchsch\u00fclern und Tauchlehrern.<\/p>\n<p>Du hast Dich nach Deinem <a href=\"https:\/\/divevision.albinger.de\/?page_id=44\">CMAS **<\/a> Kurs weitergebildet, diverse Spezialbrevets erhalten und willst nun das h\u00f6chste Level als Sporttaucher erlangen. Nach Abschluss des Kurses bist Du in der Lage mit den anspruchvollsten Rahmenbedingungen in Deiner Unterwasserumgebung zurecht zu kommen. Besonderer Wert wird auf einen sicheren Umgang auch mit unerfahrenen Tauchern und deren Begleitung unter Wasser, gelegt.<\/p>\n<p><a href=\"https:\/\/divevision.albinger.de\/wp-content\/uploads\/2015\/11\/cmas3-card.jpg\"><img loading=\"lazy\" decoding=\"async\" class=\"alignnone size-full wp-image-362\" src=\"https:\/\/divevision.albinger.de\/wp-content\/uploads\/2015\/11\/cmas3-card.jpg\" alt=\"cmas3-card\" width=\"228\" height=\"140\" \/><\/a><img loading=\"lazy\" decoding=\"async\" class=\"alignnone size-full wp-image-363\" src=\"https:\/\/divevision.albinger.de\/wp-content\/uploads\/2015\/11\/Dive-Leader.png\" alt=\"Dive-Leader\" width=\"210\" height=\"132\" \/><\/p>\n<div id=\"c293\" class=\"csc-default\">\n<p><u>Voraussetzungen:<\/u><br \/>\nmind. 18 Jahre, <a  data-e-Disable-Page-Transition=\"true\" class=\"download-link\" title=\"\" href=\"https:\/\/divevision.albinger.de?download=187&amp;tmstv=1776409608\" rel=\"nofollow\" id=\"download-link-187\" data-redirect=\"false\" >\n\tEquivalenzliste Sporttaucher\t(9997 Downloads\t)\n<\/a>\n, <a href=\"https:\/\/divevision.albinger.de\/?page_id=44\">CMAS **<\/a> oder <a  data-e-Disable-Page-Transition=\"true\" class=\"download-link\" title=\"\" href=\"https:\/\/divevision.albinger.de?download=193&amp;tmstv=1776409608\" rel=\"nofollow\" id=\"download-link-193\" data-redirect=\"false\" >\n\t\u00c4rztliche Untersuchung\t(11633 Downloads\t)\n<\/a>\n,<br \/>\nSpecialties: <a href=\"https:\/\/divevision.albinger.de\/?page_id=85\">Tauchsicherheit &amp; Rettung<\/a>, <a href=\"https:\/\/divevision.albinger.de\/?page_id=87\">Nachttauchen<\/a>,<br \/>\nEmpfohlene Specialties: <a href=\"https:\/\/divevision.albinger.de\/?page_id=91\">Trockentauchen<\/a>, Str\u00f6mungstauchen, Wracktauchen, Sporttauchen in Meeresgrotten.<\/p>\n<\/div>\n<div id=\"c292\" class=\"csc-default\"><b>Preis: 500.-\u20ac<\/b><\/div>\n<div class=\"csc-default\"><\/div>\n<div class=\"csc-default\">\n<p><u>Literatur:<\/u><br \/>\nPraxis des Tauchens<br \/>\nKromp \/ Roggenbach \/ Bredebusch<\/p>\n<p>Das Ausbildungs-Handbuch f\u00fcr alle Pr\u00fcfungen und f\u00fcr jeden Ausbildungsstand. Inklusive Lernzielkontrollen und Fragenkatalogen mit Musterantworten. Ein Ausbildungsbuch f\u00fcr Sch\u00fcler und Ausbilder!<\/p>\n<p>IaC Open Water Diver \/ CMAS* &#8211; IaC Master Diver \/ CMAS** &#8211; IaC Dive Leader \/ CMAS***<br \/>\n428 Seiten \/ 65 Farbfotos und 143 Zeichnungen \/ Format 14,8 x 22,5 cm \/ gebunden<\/p>\n<p><img loading=\"lazy\" decoding=\"async\" class=\"alignnone size-full wp-image-364\" src=\"https:\/\/divevision.albinger.de\/wp-content\/uploads\/2015\/11\/praxisdestauchens.jpg\" alt=\"praxisdestauchens\" width=\"140\" height=\"224\" \/><\/p>\n<\/div>\n","protected":false},"excerpt":{"rendered":"<p>Das Sprungbrett zum Tauchlehrer. Als CMAS *** \/ IaC Dive Leader hast Du die Berechtigung mit Anf\u00e4ngern zu tauchen. Dadurch \u00fcbernimmst du ein hohes Ma\u00df an Verantwortung und bist Bindeglied zwischen Tauchsch\u00fclern und Tauchlehrern. Du hast Dich nach Deinem CMAS <a class=\"more-link\" href=\"https:\/\/divevision.albinger.de\/?page_id=46\">Weiterlesen\u00a0\u2026<\/a><\/p>\n","protected":false},"author":1,"featured_media":0,"parent":529,"menu_order":0,"comment_status":"closed","ping_status":"closed","template":"","meta":{"footnotes":""},"class_list":["post-46","page","type-page","status-publish","hentry"],"_links":{"self":[{"href":"https:\/\/divevision.albinger.de\/index.php?rest_route=\/wp\/v2\/pages\/46","targetHints":{"allow":["GET"]}}],"collection":[{"href":"https:\/\/divevision.albinger.de\/index.php?rest_route=\/wp\/v2\/pages"}],"about":[{"href":"https:\/\/divevision.albinger.de\/index.php?rest_route=\/wp\/v2\/types\/page"}],"author":[{"embeddable":true,"href":"https:\/\/divevision.albinger.de\/index.php?rest_route=\/wp\/v2\/users\/1"}],"replies":[{"embeddable":true,"href":"https:\/\/divevision.albinger.de\/index.php?rest_route=%2Fwp%2Fv2%2Fcomments&post=46"}],"version-history":[{"count":0,"href":"https:\/\/divevision.albinger.de\/index.php?rest_route=\/wp\/v2\/pages\/46\/revisions"}],"up":[{"embeddable":true,"href":"https:\/\/divevision.albinger.de\/index.php?rest_route=\/wp\/v2\/pages\/529"}],"wp:attachment":[{"href":"https:\/\/divevision.albinger.de\/index.php?rest_route=%2Fwp%2Fv2%2Fmedia&parent=46"}],"curies":[{"name":"wp","href":"https:\/\/api.w.org\/{rel}","templated":true}]}}