{"id":50,"date":"2015-11-28T17:05:59","date_gmt":"2015-11-28T17:05:59","guid":{"rendered":"http:\/\/tauchsport-albinger.de\/?page_id=50"},"modified":"2015-11-28T17:05:59","modified_gmt":"2015-11-28T17:05:59","slug":"cmas-nitrox","status":"publish","type":"page","link":"https:\/\/divevision.albinger.de\/?page_id=50","title":{"rendered":"CMAS Nitrox*"},"content":{"rendered":"<div class=\"content2\">\n<div class=\"content2-container line-box\">\n<div class=\"content2-container-1col\">\n<div class=\"content-txtbox-noshade\">\n<div id=\"c303\" class=\"csc-default\">\n<div class=\"content2-pagetitle\">CMAS Nitrox * \/ IaC Nitrox Basic<\/div>\n<div class=\"csc-textpic csc-textpic-center csc-textpic-below\">\n<div class=\"csc-textpic-text\">\n<p><b>Nitrox, was ist das ?<\/b><\/p>\n<p>Nitrox ist ein Kurzwort f\u00fcr Nitrogenium + Oxygenium (Stickstoff + Sauerstoff). Es handelt sich also auch bei unserer Atemluft um ein Nitrox. Allerdings wenn man beim Sporttauchen von Nitrox redet, meint man im allgemeinen Enriched Air Nitrox (mit Sauerstoff angereicherte Luft).<\/p>\n<p>Mit dem C.M.A.S Nitrox* Brevet weist Du Dich als ausgebildeter Nitrox Taucher aus. Du erh\u00e4ltst die M\u00f6glichkeit mit Nitrox mit bis zu 40% Sauerstoff zu tauchen. In vielen Tauchbasen im In-Ausland wird heute schon das Nitrox zum gleichen Preis wie Luft angeboten (Nitrox for Free, oder Nitrox f\u00fcr Lau)<\/p>\n<p>Nitroxtauchen bietet nur Vorteile, wenn man gewillt ist auf ein paar grundlegende Gegebenheiten zu achten.<\/p>\n<p>Dieser Kurs ist auch unverzichtbar f\u00fcr viele weiterf\u00fchrende Kurse wie z.B. Rebreathertauchen, <a href=\"https:\/\/divevision.albinger.de\/?page_id=52\">Adavanced Nitrox<\/a>, oder <a href=\"https:\/\/divevision.albinger.de\/?page_id=63\">Trimixtauchen<\/a>.<\/p>\n<p>Ich empfehle jedem einen Nitroxkurs zu machen. Dies ist ein Kurs, den man wirklich braucht.<\/p>\n<p><a href=\"https:\/\/divevision.albinger.de\/wp-content\/uploads\/2015\/11\/Nitrox1.jpg\"><img loading=\"lazy\" decoding=\"async\" class=\"alignnone size-medium wp-image-346\" src=\"https:\/\/divevision.albinger.de\/wp-content\/uploads\/2015\/11\/Nitrox1-300x188.jpg\" alt=\"Nitrox1\" width=\"300\" height=\"188\" \/><\/a><\/p>\n<div id=\"c302\" class=\"csc-default\">\n<p><u>Voraussetzungen:<\/u><br \/>\nmind. 14 Jahre, bei Minderj\u00e4hrigen Einverst\u00e4ndniserkl\u00e4rung der Eltern, <a  data-e-Disable-Page-Transition=\"true\" class=\"download-link\" title=\"\" href=\"https:\/\/divevision.albinger.de?download=193&amp;tmstv=1778588268\" rel=\"nofollow\" id=\"download-link-193\" data-redirect=\"false\" >\n\t\u00c4rztliche Untersuchung\t(12715 Downloads\t)\n<\/a>\n, <a href=\"https:\/\/divevision.albinger.de\/?page_id=42\">CMAS*<\/a>, oder <a  data-e-Disable-Page-Transition=\"true\" class=\"download-link\" title=\"\" href=\"https:\/\/divevision.albinger.de?download=187&amp;tmstv=1778588268\" rel=\"nofollow\" id=\"download-link-187\" data-redirect=\"false\" >\n\tEquivalenzliste Sporttaucher\t(10945 Downloads\t)\n<\/a>\n.<\/p>\n<\/div>\n<div id=\"c301\" class=\"csc-default\">\n<p><b>Preis Nitrox Basic : 100.-\u20ac Theorie ohne Tauchg\u00e4nge<br \/>\nPreis Nitrox CMAS*: 150.-\u20ac Theorie incl. 2 Nitroxtauchg\u00e4nge<\/b><\/p>\n<\/div>\n<\/div>\n<\/div>\n<\/div>\n<\/div>\n<\/div>\n<\/div>\n<\/div>\n","protected":false},"excerpt":{"rendered":"<p>CMAS Nitrox * \/ IaC Nitrox Basic Nitrox, was ist das ? Nitrox ist ein Kurzwort f\u00fcr Nitrogenium + Oxygenium (Stickstoff + Sauerstoff). Es handelt sich also auch bei unserer Atemluft um ein Nitrox. Allerdings wenn man beim Sporttauchen von <a class=\"more-link\" href=\"https:\/\/divevision.albinger.de\/?page_id=50\">Weiterlesen\u00a0\u2026<\/a><\/p>\n","protected":false},"author":1,"featured_media":0,"parent":529,"menu_order":0,"comment_status":"closed","ping_status":"closed","template":"","meta":{"footnotes":""},"class_list":["post-50","page","type-page","status-publish","hentry"],"_links":{"self":[{"href":"https:\/\/divevision.albinger.de\/index.php?rest_route=\/wp\/v2\/pages\/50","targetHints":{"allow":["GET"]}}],"collection":[{"href":"https:\/\/divevision.albinger.de\/index.php?rest_route=\/wp\/v2\/pages"}],"about":[{"href":"https:\/\/divevision.albinger.de\/index.php?rest_route=\/wp\/v2\/types\/page"}],"author":[{"embeddable":true,"href":"https:\/\/divevision.albinger.de\/index.php?rest_route=\/wp\/v2\/users\/1"}],"replies":[{"embeddable":true,"href":"https:\/\/divevision.albinger.de\/index.php?rest_route=%2Fwp%2Fv2%2Fcomments&post=50"}],"version-history":[{"count":0,"href":"https:\/\/divevision.albinger.de\/index.php?rest_route=\/wp\/v2\/pages\/50\/revisions"}],"up":[{"embeddable":true,"href":"https:\/\/divevision.albinger.de\/index.php?rest_route=\/wp\/v2\/pages\/529"}],"wp:attachment":[{"href":"https:\/\/divevision.albinger.de\/index.php?rest_route=%2Fwp%2Fv2%2Fmedia&parent=50"}],"curies":[{"name":"wp","href":"https:\/\/api.w.org\/{rel}","templated":true}]}}