{"id":75,"date":"2015-11-28T17:17:51","date_gmt":"2015-11-28T17:17:51","guid":{"rendered":"http:\/\/tauchsport-albinger.de\/?page_id=75"},"modified":"2015-11-28T17:17:51","modified_gmt":"2015-11-28T17:17:51","slug":"specialities","status":"publish","type":"page","link":"https:\/\/divevision.albinger.de\/?page_id=75","title":{"rendered":"Specialities"},"content":{"rendered":"<p>Durch die Spezialkurse (Specialitys) bieten sich dem interessierten Sporttaucher vielf\u00e4ltige M\u00f6glichkeiten, seine Kenntnisse und Fertigkeiten zu erweitern.<\/p>\n<p>Die Spezialkurse <a href=\"https:\/\/divevision.albinger.de\/?page_id=79\">HLW<\/a>, <a href=\"https:\/\/divevision.albinger.de\/?page_id=81\">Orientierung<\/a> und <a href=\"https:\/\/divevision.albinger.de\/?page_id=83\">Gruppenf\u00fchrung <\/a>haben eine besondere Bedeutung. Nach deren Abschluss, sowie der Durchf\u00fchrung von 2 weiteren Specialitys nach freier wahl z.B. Nacht- und Tieftauchen) kannst Du ohne weitere Pr\u00fcfung das<a href=\"https:\/\/divevision.albinger.de\/?page_id=48\"> IaC Advanced Open Water<\/a> Brevet erhalten. Gleichzeitig gelten sie als Voraussetzung f\u00fcr den Beginn des <a href=\"https:\/\/divevision.albinger.de\/?page_id=44\">CMAS **<\/a> Kurses.<\/p>\n<p>Die Spezialkurse <a href=\"https:\/\/divevision.albinger.de\/?page_id=85\">Tauchsicherheit &amp; Rettung<\/a> sowie <a href=\"https:\/\/divevision.albinger.de\/?page_id=87\">Nachttauchen<\/a> m\u00fcssen sp\u00e4testens vor Beginn der Ausbildung zum <a href=\"https:\/\/divevision.albinger.de\/?page_id=46\">CMAS ***<\/a> Taucher absolviert sein.<\/p>\n<p>Schaut einfach mal rein. Kurse wie <a href=\"https:\/\/divevision.albinger.de\/?page_id=91\">Trockentauchen<\/a>,<a href=\"https:\/\/divevision.albinger.de\/?page_id=95\"> Eistauchen <\/a>erm\u00f6glichen es Dir Deinem Hobby auch im Winter nachzugehen. <a href=\"https:\/\/divevision.albinger.de\/?page_id=93\">Bergseetauchen<\/a>, oder <a href=\"https:\/\/divevision.albinger.de\/?page_id=89\">Tieftauchen<\/a> erweitert taucherische Optionen.<\/p>\n<p><a href=\"https:\/\/divevision.albinger.de\/wp-content\/uploads\/2015\/11\/Wintertauchen.jpg\"><img loading=\"lazy\" decoding=\"async\" class=\"alignnone size-full wp-image-377\" src=\"https:\/\/divevision.albinger.de\/wp-content\/uploads\/2015\/11\/Wintertauchen.jpg\" alt=\"Wintertauchen\" width=\"295\" height=\"222\" \/><\/a><a href=\"https:\/\/divevision.albinger.de\/wp-content\/uploads\/2015\/11\/Wintertauchen-2.jpg\"><img loading=\"lazy\" decoding=\"async\" class=\"alignnone size-full wp-image-378\" src=\"https:\/\/divevision.albinger.de\/wp-content\/uploads\/2015\/11\/Wintertauchen-2.jpg\" alt=\"Wintertauchen-2\" width=\"295\" height=\"222\" \/><\/a><\/p>\n<p>&nbsp;<\/p>\n","protected":false},"excerpt":{"rendered":"<p>Durch die Spezialkurse (Specialitys) bieten sich dem interessierten Sporttaucher vielf\u00e4ltige M\u00f6glichkeiten, seine Kenntnisse und Fertigkeiten zu erweitern. Die Spezialkurse HLW, Orientierung und Gruppenf\u00fchrung haben eine besondere Bedeutung. Nach deren Abschluss, sowie der Durchf\u00fchrung von 2 weiteren Specialitys nach freier wahl <a class=\"more-link\" href=\"https:\/\/divevision.albinger.de\/?page_id=75\">Weiterlesen\u00a0\u2026<\/a><\/p>\n","protected":false},"author":1,"featured_media":0,"parent":529,"menu_order":0,"comment_status":"closed","ping_status":"closed","template":"","meta":{"footnotes":""},"class_list":["post-75","page","type-page","status-publish","hentry"],"_links":{"self":[{"href":"https:\/\/divevision.albinger.de\/index.php?rest_route=\/wp\/v2\/pages\/75","targetHints":{"allow":["GET"]}}],"collection":[{"href":"https:\/\/divevision.albinger.de\/index.php?rest_route=\/wp\/v2\/pages"}],"about":[{"href":"https:\/\/divevision.albinger.de\/index.php?rest_route=\/wp\/v2\/types\/page"}],"author":[{"embeddable":true,"href":"https:\/\/divevision.albinger.de\/index.php?rest_route=\/wp\/v2\/users\/1"}],"replies":[{"embeddable":true,"href":"https:\/\/divevision.albinger.de\/index.php?rest_route=%2Fwp%2Fv2%2Fcomments&post=75"}],"version-history":[{"count":0,"href":"https:\/\/divevision.albinger.de\/index.php?rest_route=\/wp\/v2\/pages\/75\/revisions"}],"up":[{"embeddable":true,"href":"https:\/\/divevision.albinger.de\/index.php?rest_route=\/wp\/v2\/pages\/529"}],"wp:attachment":[{"href":"https:\/\/divevision.albinger.de\/index.php?rest_route=%2Fwp%2Fv2%2Fmedia&parent=75"}],"curies":[{"name":"wp","href":"https:\/\/api.w.org\/{rel}","templated":true}]}}