{"id":87,"date":"2015-11-28T17:25:28","date_gmt":"2015-11-28T17:25:28","guid":{"rendered":"http:\/\/tauchsport-albinger.de\/?page_id=87"},"modified":"2015-11-28T17:25:28","modified_gmt":"2015-11-28T17:25:28","slug":"iac-nachttauchen","status":"publish","type":"page","link":"https:\/\/divevision.albinger.de\/?page_id=87","title":{"rendered":"IAC Nachttauchen"},"content":{"rendered":"<p>Das Tauchen bei Nacht ist etwas ganz besonderes. Die Unterwasserflora sieht im Dunkeln anders aus. In diesem Kurs lernst Du die besonderen Reize eines Nachttauchgangs kennen.<\/p>\n<p>Hier wird Dir vermittelt, welche speziellen Vorbereitungen und Ausr\u00fcstungen hierf\u00fcr ben\u00f6tigt werden. Nach dem Kurs bist Du in der Lage, die besonderen Probleme und Gefahren bei Nachttauchg\u00e4ngen zu beherrschen. Die richtige Ausr\u00fcstung zusammenzustellen und die Orientierung bei Nacht zu finden.<\/p>\n<p>Der Kurs wird weiterhin als Voraussetzung zum <a href=\"https:\/\/divevision.albinger.de\/?page_id=46\">CMAS ***<\/a> Kurs ben\u00f6tigt.<\/p>\n<p><a href=\"https:\/\/divevision.albinger.de\/wp-content\/uploads\/2015\/11\/Specialty-Diver.png\"><img loading=\"lazy\" decoding=\"async\" class=\"alignnone size-full wp-image-380\" src=\"https:\/\/divevision.albinger.de\/wp-content\/uploads\/2015\/11\/Specialty-Diver.png\" alt=\"Specialty-Diver\" width=\"210\" height=\"132\" \/><\/a><\/p>\n<p>Voraussetzungen:<\/p>\n<div id=\"c325\" class=\"csc-default\">\n<p>16 Jahre, bei Minderj\u00e4hrigen Einverst\u00e4ndniserkl\u00e4rung der Elter, <a  data-e-Disable-Page-Transition=\"true\" class=\"download-link\" title=\"\" href=\"https:\/\/divevision.albinger.de?download=187&amp;tmstv=1777074047\" rel=\"nofollow\" id=\"download-link-187\" data-redirect=\"false\" >\n\tEquivalenzliste Sporttaucher\t(10172 Downloads\t)\n<\/a>\n, <a href=\"https:\/\/divevision.albinger.de\/?page_id=42\">CMAS *<\/a> oder <a  data-e-Disable-Page-Transition=\"true\" class=\"download-link\" title=\"\" href=\"https:\/\/divevision.albinger.de?download=193&amp;tmstv=1777074047\" rel=\"nofollow\" id=\"download-link-193\" data-redirect=\"false\" >\n\t\u00c4rztliche Untersuchung\t(11851 Downloads\t)\n<\/a>\n.<\/p>\n<p><b>Preis: 150.-\u20ac<\/b><\/p>\n<\/div>\n","protected":false},"excerpt":{"rendered":"<p>Das Tauchen bei Nacht ist etwas ganz besonderes. Die Unterwasserflora sieht im Dunkeln anders aus. In diesem Kurs lernst Du die besonderen Reize eines Nachttauchgangs kennen. Hier wird Dir vermittelt, welche speziellen Vorbereitungen und Ausr\u00fcstungen hierf\u00fcr ben\u00f6tigt werden. Nach dem <a class=\"more-link\" href=\"https:\/\/divevision.albinger.de\/?page_id=87\">Weiterlesen\u00a0\u2026<\/a><\/p>\n","protected":false},"author":1,"featured_media":0,"parent":75,"menu_order":0,"comment_status":"closed","ping_status":"closed","template":"","meta":{"footnotes":""},"class_list":["post-87","page","type-page","status-publish","hentry"],"_links":{"self":[{"href":"https:\/\/divevision.albinger.de\/index.php?rest_route=\/wp\/v2\/pages\/87","targetHints":{"allow":["GET"]}}],"collection":[{"href":"https:\/\/divevision.albinger.de\/index.php?rest_route=\/wp\/v2\/pages"}],"about":[{"href":"https:\/\/divevision.albinger.de\/index.php?rest_route=\/wp\/v2\/types\/page"}],"author":[{"embeddable":true,"href":"https:\/\/divevision.albinger.de\/index.php?rest_route=\/wp\/v2\/users\/1"}],"replies":[{"embeddable":true,"href":"https:\/\/divevision.albinger.de\/index.php?rest_route=%2Fwp%2Fv2%2Fcomments&post=87"}],"version-history":[{"count":0,"href":"https:\/\/divevision.albinger.de\/index.php?rest_route=\/wp\/v2\/pages\/87\/revisions"}],"up":[{"embeddable":true,"href":"https:\/\/divevision.albinger.de\/index.php?rest_route=\/wp\/v2\/pages\/75"}],"wp:attachment":[{"href":"https:\/\/divevision.albinger.de\/index.php?rest_route=%2Fwp%2Fv2%2Fmedia&parent=87"}],"curies":[{"name":"wp","href":"https:\/\/api.w.org\/{rel}","templated":true}]}}